r be c(3). What is the tens digit of v(r)?
2
Suppose 3*s - 5*s = -4. Suppose 0 = -5*y + 12 - s. What is the units digit of (2 + y)/1 - -1?
5
Suppose 0*z + 3*z - 474 = -3*a, -z = 4*a - 149. What is the hundreds digit of z?
1
Let x = 70 + 57. What is the hundreds digit of x?
1
Let k(b) = -38*b**3 - b - 2. What is the tens digit of k(-1)?
3
Let n(g) be the second derivative of 0 + 1/6*g**3 - 1/2*g**2 - g. What is the units digit of n(3)?
2
Let x = -13 - -22. Suppose 5*z + x = -5*k - 26, -5*k - 3*z - 27 = 0. What is the units digit of 20/6 + (-2)/k?
4
Suppose -114 = -3*f - 36. What is the tens digit of f?
2
What is the tens digit of (-4)/(-8)*(41 + 3)?
2
Let d = 16 - 16. Suppose d = 3*j - 4*j + 7. What is the units digit of j?
7
Suppose 0 = -z - 2*r + 12 + 50, -2*r = -2*z + 154. What is the units digit of z?
2
Suppose 24 = 2*l + 2*l. What is the units digit of l?
6
Let f be (-1)/2 - (-51)/(-6). Let r = -1 - f. What is the units digit of r?
8
Let q be 5/(-2)*(-4)/2. Suppose -5*a - q = 0, 2*a - 9 = -k + 1. What is the units digit of k?
2
Suppose -3*t + 14 = -t. Let j = t + -3. Suppose j*i = -0*i + 28. What is the units digit of i?
7
Let m(s) = -2*s + 4. Let r be m(4). Let c = -3 - r. Let i = c - -6. What is the units digit of i?
7
Let s(f) = 61*f**3 + f**2 - f + 1. What is the tens digit of s(1)?
6
Let d(l) = l**2 - 15*l + 15. Let r be d(14). Let a(n) = 41*n**3 - 1. What is the tens digit of a(r)?
4
Let a(r) be the first derivative of r**4/4 - 8*r**3/3 + 4*r**2 - 2*r + 4. Let c(n) = 6*n**2 + n. Let v be c(1). What is the units digit of a(v)?
5
Let c = 676 - 335. What is the units digit of c?
1
Suppose -2*p - 6 - 1 = 3*t, 4*p - 4 = 0. Let r be t - 2*(-3)/3. What is the units digit of r/(-3) + 30/18?
2
Suppose 5*s - 204 = -s. What is the units digit of s?
4
Suppose 0*q + 10 = q. What is the tens digit of q?
1
Let k(m) = -m + 6. Let u be k(3). Suppose 5*p = 2*i + 5, p = -u*p + i + 4. What is the units digit of 2 - (2 + -12 + p)?
1
Let h(i) = 4*i**2 - 2*i. What is the tens digit of h(-2)?
2
Suppose 4*d = 4*z + 8, 3*z - 40 = -5*d - 6. Suppose 2*h - d*h + 99 = 0. What is the units digit of h?
3
Let k(m) be the third derivative of -m**5/24 + m**4/24 - 2*m**3/3 - m**2. Let h(x) be the first derivative of k(x). What is the units digit of h(-2)?
1
Let h = -4 + 6. Let f = 2 - h. Suppose f = -5*x + 5*t + 25, -2*x + 6*t - 2*t + 8 = 0. What is the units digit of x?
6
What is the tens digit of (-188)/(-6) + 4/6?
3
Let q(p) be the third derivative of p**5/60 - p**4/4 - 11*p**3/6 - 2*p**2. Let n be q(8). Suppose 0 = 2*o - n*o + 9. What is the units digit of o?
3
Let r = -15 + 15. Suppose -2*v + 18 = 3*k - 5*v, 28 = 5*k - 4*v. Suppose r = k*w + 3 - 63. What is the units digit of w?
5
Let y = 109 + -77. Let v = y + -15. Let z = v - 1. What is the tens digit of z?
1
Let d(v) = 2*v**2 + v - 6. Let w be (-1 - (-3)/18)*-6. What is the tens digit of d(w)?
4
Suppose -3*b = -2*b - 5. Suppose -b*t - 2*x = -64, -2*x - 41 = -5*t + 35. What is the tens digit of t?
1
Let r(y) = -5*y + 2. Let g(z) = -5*z + 1. Let c(h) = 5*g(h) - 4*r(h). What is the tens digit of c(-3)?
1
Let i(b) = b**2 - 6*b - 3. Suppose -5*y - 4*p - 34 = 0, y + 2*y + 13 = 5*p. Let f = y - -13. What is the units digit of i(f)?
4
Let n = -29 + 41. Suppose -k - 5 = j - 3*j, 5*k - 15 = 2*j. Suppose 3*c = -3*v + v + n, 2*v - k*c - 12 = 0. What is the units digit of v?
6
Let p = 19 - 11. Let v(s) = s**3 - 7*s**2 - 8*s + 2. Let u be v(p). Suppose 2*l = 3*y + 3 + 5, -l - u*y + 18 = 0. What is the tens digit of l?
1
Suppose -5*z + 4 = -6. Let n be ((-45)/(-10))/(z/4). What is the units digit of (-1)/((3/(-1))/n)?
3
Let y(i) = i**3 - i**2 - i - 3. Let k(c) be the third derivative of -c**4/12 - c**3/2 - 3*c**2. Let f be k(-3). What is the units digit of y(f)?
2
Let m = -27 + 70. What is the units digit of m?
3
Suppose v = 4*v + 12. What is the tens digit of 22*2*(-1)/v?
1
Suppose 134 = -4*a + 1174. What is the units digit of a?
0
Let u(z) = -z + 5. Let v be u(0). Let n(w) = -w + 7. Let a be n(v). Suppose -14 = -a*y - 0*y. What is the units digit of y?
7
Suppose -6*i - 112 = -4*h - i, 140 = 5*h + 2*i. What is the units digit of h?
8
What is the units digit of (-661)/(-3) - 5*(-8)/60?
1
Suppose -5*v - 7 = 8. Let g = v + 4. What is the units digit of g?
1
Suppose 0 = -4*j + 5*j - 30. What is the units digit of j?
0
Let v(z) = 2*z**2 + 17*z + 16. What is the tens digit of v(-16)?
5
Suppose 19 = b - 10. What is the tens digit of b?
2
Let k = 11 - 6. Let l = k + -7. Let r = l - -3. What is the units digit of r?
1
Suppose l - 3*w + 27 = -2*l, 4*l = -4*w + 4. Let z(t) = t**2 + t - 3. Let o be z(l). Let s(y) = -y + 13. What is the units digit of s(o)?
4
Let s(h) = -h**3 - 7*h**2 - 5*h. Let y be s(-7). Suppose 4*r - 3*l = 0, 0 = 3*r + 2*r + 5*l - y. What is the units digit of r?
3
Suppose -5*v + 25 = -5*z, -4*z - z + 4*v - 22 = 0. What is the units digit of 1/1*(-6)/z?
3
Suppose -j - j = -2. Let n be -2 + j + 2 - -11. What is the units digit of (n/(-10))/((-3)/10)?
4
Let o be 4*1*(-6)/8. Let z = o + 4. Suppose a - 4 = z. What is the units digit of a?
5
Suppose 3*n = 5*s + 8, -3*n - s - 9 = -29. Let j(r) = -r**3 + 5*r**2 + 7*r - 1. What is the units digit of j(n)?
5
Let u(t) = t**2 + 9*t + 6. Let l be u(-8). Let p(g) = 5*g**2 + 2*g - 2. What is the units digit of p(l)?
4
Let m be 3 + (-3 - -6 - 5). Let q = m + 0. Let b = 2 - q. What is the units digit of b?
1
Let g(m) = 8*m**2 + 2*m - 1. Let l be g(1). Suppose 0 = 4*t - 2*d - d - 40, 50 = 5*t + 3*d. Let a = t + l. What is the tens digit of a?
1
Let u(h) = 3*h + 17. What is the units digit of u(7)?
8
Suppose -3*b + 4*u = 37, 4*b = 4*u - 21 - 23. Suppose 3*y - 78 = -3*l, -5*l + 1 = -3*y + 47. Let m = y + b. What is the units digit of m?
5
What is the tens digit of (-3)/(-12) - (-309)/12?
2
Suppose -d = -3*h - 1 - 7, -2*d - 4*h = 4. Suppose -d*c = -11 - 5. What is the units digit of c?
8
Suppose 0*v - 2*v - 311 = -x, -2*x + 5*v + 618 = 0. What is the hundreds digit of x?
3
Let d(c) = 200*c**2 - 6*c - 6. What is the units digit of d(-1)?
0
Let y(o) = 40*o**2 - o - 1. Let t be y(2). Suppose -4*r = -4*p + p - t, 5*r + 4*p - 204 = 0. Suppose -5*w + w + r = 0. What is the tens digit of w?
1
Suppose 54 = 4*d - 2*u, -4*d = -5*u - 80 + 23. What is the units digit of d?
3
Let n = -6 - -12. Let r = n - 2. What is the units digit of r?
4
Let u(a) = 3*a. Let d be u(-2). Suppose 5*l = -0 + 10. What is the units digit of (-18)/2*l/d?
3
Let a(o) = -2*o - 1. Let b be a(-2). Suppose -4 = -p + b. What is the units digit of p?
7
What is the tens digit of (12/4)/((-6)/(-32))?
1
Let l(f) = 39*f**2 - f + 1. What is the units digit of l(1)?
9
Let b(d) = 2*d**2 + 6*d + 8. What is the units digit of b(-6)?
4
Let d(x) = 226*x**2 - 2*x - 2. What is the tens digit of d(-1)?
2
Let j be (14 + 0)/(1 - -1). Let y = j + -5. Suppose 3 + 15 = y*c. What is the units digit of c?
9
Let i be (-4)/22 - 4/(-22). Suppose i = -2*v + 4*v. Let s(m) = m + 2. What is the units digit of s(v)?
2
Suppose -3*c + 8 = -4*i - c, 3*i + 4*c = 16. Suppose -3*l + 4*l - 12 = i. What is the units digit of l?
2
Let d be (2/7)/((-3)/(-21)). Let s(q) = q + 1. Let f be s(-1). Suppose d*x + f*x - 40 = 0. What is the units digit of x?
0
Let s(q) = 0*q - 3 + 0 - q. What is the units digit of s(-8)?
5
Suppose 7*d - 10*d + 30 = 0. Suppose -d = -o - 8. What is the units digit of o?
2
Let o be 3 + 1 + (-3 - -3). Suppose -o*f - 10 = -w, -w + 2*f = 6*f - 10. Let a = 26 - w. What is the units digit of a?
6
Suppose 5*p + 2*z = z + 7, -5*p + 3*z = 1. Let a = p + 10. What is the tens digit of a?
1
Let t(v) = -66*v - 1. What is the tens digit of t(-1)?
6
Let b be (-14 + 2)*(-3)/(-6). Let t = 13 + b. Suppose 8 + t = 5*y. What is the units digit of y?
3
Let f(u) = 4 - u**3 - 6 - 7*u - 4*u**2 - u**2 - 3. What is the units digit of f(-4)?
7
Let o = -46 - -33. Let x(k) = -k + 14. What is the units digit of x(o)?
7
Let m(t) = -t**3 - 6*t**2 + 3*t - 19. What is the units digit of m(-8)?
5
Let w be 1 - (0 + 1)*7. Suppose -3*p = 1 + 17. What is the units digit of w/(5/(40/p))?
8
Let z = -19 - -42. What is the tens digit of z?
2
Let u(o) = -o**3 - 5*o**2 + o + 6. Let j be u(-5). Let i be 6*j*3/6. Suppose -m - 9 = -s, -2*m - 3*m - i = s. What is the units digit of s?
7